2). Let s(b) = -2*b + 1. Calculate s(v).
-3
Let u(p) = 3*p - 49. Let z(y) = -y + 15. Let a(n) = 3*u(n) + 10*z(n). What is a(4)?
-1
Let u(m) = m + 5. Let d be u(-4). Let j(c) = 1 + c - 1 - d. Let f(t) = t**2 + t - 8. Let p(g) = f(g) - 6*j(g). What is p(3)?
-8
Let b(r) = -r**2 - 9*r - 5. Let f be 4/(-1) + (-8)/(-2). Suppose 4*n + 3*y + 16 = 0, f = y - 0*y. Let j be n - 2*1/2. Give b(j).
15
Let k(y) = 3*y + 38. Let o be k(-16). Let i = 13 + o. Let v(a) = a + 2. Determine v(i).
5
Suppose 3*g = -3, -3*g = -k - 4 - 0. Let s(c) = 374*c - 144*c - 5 - 111*c - 120*c. Determine s(k).
2
Suppose 37 = 42*s + 163. Let q(c) = 3*c**2 - c - 4. Determine q(s).
26
Let t(n) = 9*n - 6. Let q be t(-3). Let l = 31 + q. Let k(r) = 2*r**2 + 3*r + 2. Give k(l).
4
Let b(m) = 1 - 7*m + 0*m - 5*m**2 + 0*m**2 + 8*m. Let p(r) = -r**2 + 6*r + 9. Let x be p(7). Suppose 3*v - 5 = -x*n, 0 = v + 3*v - 4*n + 20. What is b(v)?
-5
Let g(q) = 17 + 612*q - 8 - 611*q. Let d be 3/(-6)*-1*14. Suppose 1 + 20 = -3*o + 5*z, o + z + d = 0. What is g(o)?
2
Let f(z) be the third derivative of z**6/120 - 2*z**5/15 + 7*z**4/24 + 4*z**3/3 - 10*z**2 + 9. What is f(7)?
8
Suppose 5661*i - 5673*i + 96 = 0. Let n(g) = -4*g + 9. What is n(i)?
-23
Let i = -1648 + 1650. Let y(c) be the second derivative of -10*c - 1/6*c**3 + i*c**2 + 0. What is y(-6)?
10
Let n = 4 - 7. Suppose -14 = -5*p - m, 2*m - 4 = -0*p + 2*p. Let l(v) = 1 - p*v - 4 + 5*v - 1. Give l(n).
-13
Let f(z) be the first derivative of z**6/120 + z**5/10 - z**4/3 - z**3 - 4*z**2 + 52. Let s(i) be the second derivative of f(i). Determine s(-7).
1
Let o be (-6)/1 - (-7 + 6). Let g(f) be the third derivative of -f**5/60 - f**4/6 - f**3/3 + f**2. Calculate g(o).
-7
Let w(v) = 2*v**2 - 4*v + 5. Suppose m = 13*m. Let k be m - ((-3)/3 - 3). Determine w(k).
21
Let p(d) be the third derivative of -d**5/60 + 7*d**4/24 - 5*d**3/3 - 126*d**2. Calculate p(5).
0
Let y(m) = 12*m + 16*m - 28*m + 14*m**2. Determine y(1).
14
Let z(l) = 4*l - 41. Let n(o) be the second derivative of o**3/6 - 4*o**2 - 8*o. Let v be ((-3 + 25)/2)/1. Let s(a) = v*n(a) - 2*z(a). Give s(5).
9
Let c(w) = w - 1. Let y be c(4). Suppose 54 = -12*f + 114. Let j(g) = -4*g**2 - 3 + 4*g + y*g**2 + f + 1. Give j(4).
3
Let c(o) = -22*o**2 - 23*o + 5. Let s(n) = 11*n**2 + 10*n - 2. Let h(g) = -4*c(g) - 9*s(g). Determine h(2).
-42
Let v(o) be the first derivative of o**4/4 - 2*o**3 - o**2/2 + 10*o + 563. Determine v(6).
4
Suppose 0 = 182*r - 178*r - 24. Let g(q) = 2*q - 9. What is g(r)?
3
Suppose 3*l + d - 1 = 3, -2*l + 6 = 4*d. Let x(p) = p. Let t(b) = -3*b - 1. Let i(g) = l*t(g) + 5*x(g). Determine i(-1).
-3
Let a(r) = r**3 - r**2 - 1. Let v(j) = -7*j**3 + 3*j**2 + 4. Let d(z) = -6*a(z) - v(z). Let o(f) = f**3 - 3*f + 2. Let l be o(2). Let x = l + -6. What is d(x)?
6
Let m(z) = 6*z - 26*z + 10 + 7*z + 8*z. Determine m(5).
-15
Let d(l) = 10*l - 1. Let t be d(0). Let o(q) = -3*q**3 - q. What is o(t)?
4
Let i = 3478 + -3483. Let m(h) = -2*h**3 + 7*h**2 + 4*h - 3. Let u(y) = -3*y**3 + 7*y**2 + 3*y - 4. Let t(g) = -4*m(g) + 3*u(g). Determine t(i).
-15
Let x = 13 + 5. Suppose 4*b + 2*r + 6 = x, b - 6 = -2*r. Let i(s) be the third derivative of s**5/20 + s**4/24 - s**3/6 - 32*s**2. Calculate i(b).
13
Let d be 9*8/24 + -3. Let x(m) be the third derivative of -6*m**2 + 1/15*m**5 - 1/120*m**6 - 5/6*m**3 + d*m + 0 + 7/24*m**4. What is x(5)?
5
Let g(f) = 2*f - 11. Let r be g(5). Let w(v) = 15*v**3 - 5*v**2 - 5*v + 7. Let u(l) = 8*l**3 - 3*l**2 - 3*l + 4. Let a(k) = -5*u(k) + 3*w(k). Give a(r).
-4
Suppose -5*f + 17 - 52 = 0. Let c(m) = m + 1. Determine c(f).
-6
Let i(f) = 3*f**2 - 14*f - 3. Let h be (-110)/15 + (-4)/6. Let u(x) = 2*x**2 - 9*x - 2. Let p(q) = h*u(q) + 5*i(q). Determine p(-1).
-2
Let f be 2/3 - (-12)/9. Let g be 74/(-14) + f/7. Let k(z) = z**2 + 160 + 162 + 4*z + 164 - 489. Calculate k(g).
2
Suppose 13*l - 11*l - 4 = 0. Let a(c) = -7 - 3*c - 14 + l*c + 8. What is a(0)?
-13
Let l(q) = -q - 15. Suppose -3*i + 3*i = 2*i. Determine l(i).
-15
Let g = 833 - 837. Let c(h) be the third derivative of -h**2 + 0*h + 0 + 1/60*h**5 + 5/24*h**4 - 1/2*h**3. What is c(g)?
-7
Let k(b) = b. Suppose 2*z + 8*w + 31 = 13*w, -5*z = 3*w. Calculate k(z).
-3
Let u(l) = 5*l**3 - 2*l**2 + 5*l + 31. Let g(s) = 11*s**3 - 3*s**2 + 9*s + 64. Let z(c) = 6*g(c) - 13*u(c). Determine z(-9).
-1
Suppose -d + 7 = 5. Let o be 40/(-15) - d/6. Let n(f) = f**3 + 2*f**2 - 2*f - 4. Give n(o).
-7
Let b(o) = o**2 + 3*o - 4. Suppose -40 = -2*a - 18*a. Calculate b(a).
6
Suppose -2*b + 1 + 2 = 3*p, 5*b - 2*p = 36. Let x be (21 - b)*1/3. Let m(k) = 3*k**2 + k**3 + k**3 - 2*k**2 - x*k**3. Determine m(-1).
4
Let c(m) = -7*m - 28 - m**2 + 28. Let d(a) = a**3 - 13*a**2 + a - 20. Let z be d(13). What is c(z)?
0
Let v(j) = 57*j**2 + 4 - 30*j**2 + 5 - 9*j - 26*j**2. Calculate v(7).
-5
Let z(n) be the third derivative of -n**7/2520 - n**6/360 - n**5/30 + 24*n**2. Let y(o) be the third derivative of z(o). Calculate y(2).
-6
Let s(d) = 2*d**2 + 19*d + 12. Let x be (3 + (-15)/2)*2. Let l be s(x). Let o(a) = a**3 - 3*a**2 + 3*a + 3. Determine o(l).
12
Let z be (3/(-6 + 12))/3. Let a(l) be the third derivative of 1/8*l**4 - z*l**3 + 0*l - 6*l**2 + 0. What is a(-3)?
-10
Suppose -17 = -6*j + 7. Let q(w) = -6 - w + 10 + 1 - j. Determine q(1).
0
Let l(h) = -h**3 - 8*h**2 - 6*h - 11. Let q(c) = c**3 + 8*c**2 + 6*c + 10. Let a(o) = -3*l(o) - 4*q(o). Let g = 6871 - 6878. What is a(g)?
-14
Let k(c) = -c - 2. Let i be k(5). Let p(l) = -2*l**2 - 21*l - 4. Let g(f) = -3*f**2 - 32*f - 6. Let n(d) = 5*g(d) - 8*p(d). Determine n(i).
-5
Let w(t) = 4*t - 1 - 24*t + 20*t - 10*t**2. Determine w(1).
-11
Let l(k) = 6*k**3 - 2*k**2 - 2*k - 1. Let a(y) = y. Let o = 77 - 78. Let q be a(o). Calculate l(q).
-7
Let x(y) = -6*y - y + 21 - 83*y**2 + 85*y**2 + 6*y - 22. Let q(v) = 2*v**2 - v - 1. Let t be q(-1). What is x(t)?
5
Let l(o) = -27*o**3 - 137*o**2 - 106*o + 371. Let n(d) = 5*d**3 + 27*d**2 + 21*d - 74. Let w(z) = -2*l(z) - 11*n(z). Calculate w(-22).
6
Let s(n) = -n**2 - 10*n - 9. Let o be (-14)/(-21) + ((-31)/(-3) - 1). Suppose o*z - 39 = -139. What is s(z)?
-9
Let c(k) = -k**3 - 5*k**2 + 16*k + 19. Let u be c(-7). Let y(l) = -2*l**2 + 8*l - 6. Give y(u).
-16
Let n(z) = 0 + 5*z**2 + z - 1 + 1 + 2*z. What is n(3)?
54
Let k(q) = -7 + 2 + q + 0 + 3*q**2 + 1. What is k(-3)?
20
Let m(h) = -3*h. Let c(l) = -l**2 - 2*l + 2. Let n be c(-4). Let b be 2/n + 40/(-60). Determine m(b).
3
Let l = -8 - -10. Let k be 1 - (-2 - (2 - l)). Let t(o) = -2*o - 18 + k*o**2 - 11 + 30. Determine t(2).
9
Let g(q) = q**2 + 5*q - 2. Let a be g(-3). Let u be 5/((-10)/a) + 2. Let z(b) = 0 - 3*b + 1 + 7. Give z(u).
-10
Let k(v) = -v + 1. Let i(y) = -y**2 + 18*y - 12. Let w(f) = -i(f) - 5*k(f). What is w(11)?
-15
Let g(f) = f**3 + 2 + f**3 + 3*f**2 - 3*f**3. Let h(l) = -4 + 2*l**2 - 9*l**2 + 19 + 8*l**2 - 7*l. Let t be h(4). Calculate g(t).
2
Let x(r) = -19*r - 8. Let d(q) = 9*q + 4. Let o = -109 - -103. Let j(b) = o*x(b) - 13*d(b). What is j(-5)?
11
Let o(n) = n**2 - 6*n + 11. Let q = 233 - 228. Determine o(q).
6
Let z be (-60)/(-33) - (-12)/66. Let x(c) = -2*c**3 + 4*c**2 - c - 2. What is x(z)?
-4
Let z(h) = h**2 - 9. Let k = -86 - -86. What is z(k)?
-9
Let v(z) = z**2 - 5*z - 3. Let b be v(6). Suppose -27 = -3*u - 3*l, 2*u + 3*l - 32 = -10. Let m(k) = -k - 3*k + 6*k + 4 - u*k. Determine m(b).
-5
Suppose -3 + 15 = -2*i. Let z(g) = g**2 + 11*g - 1. Calculate z(i).
-31
Let z(n) = 3*n**2 - 11*n + 16. Let w be z(7). Let o = w + -58. Let j be 2/(-7) + (-104)/o. Let r(s) = 2*s + 1. Give r(j).
-7
Let l(m) = -m**2 - 8*m + 12. Let n be l(-9). Let x(c) = c + 3. Let g(t) = -2*t - 2. Let p(h) = n*x(h) + 2*g(h). Give p(-5).
10
Let q(i) = 0*i + 14*i**2 + 1 - i + 0 + 0*i + 2*i. Give q(-1).
14
Suppose 0 = -3*v + 10*v - 21. Let q(h) = 4*h + 18 - 30 - v*h. Determine q(9).
-3
Let a = -17 + 20. Let z(q) = a + 2*q - 6 - 6. Give z(6).
3
Let i(v) = -v**2 + v + 1. Let q(b) = 26*b**2 + 4 - 18*b**2 + 5*b - 11*b**2. Let y(j) = 4*i(j) - q(j). Determine y(-2).
-2
Let f = 6 + -4. Let j(c) = 2 - c + 2*c - 6 + f*c. Let a(h) = -h**3 + 11*h**2 - 11*h + 15. Let q be a(10). What is j(q)?
11
Let s be 35 - -1 - (-13 + 10). Let f = -39 + s. Let v(p) = 2*p + p**3 - 11*p + 8 + f*p - 6*p**2 - 3. Calculate v(7).
-9
Let b = -61 - -58. Le